{"id":6,"date":"2018-04-16T14:13:23","date_gmt":"2018-04-16T14:13:23","guid":{"rendered":"http:\/\/xn--gstezimmer-frankenberg-04b.de\/?page_id=6"},"modified":"2018-04-16T14:22:29","modified_gmt":"2018-04-16T14:22:29","slug":"anfahrt","status":"publish","type":"page","link":"http:\/\/xn--gstezimmer-frankenberg-04b.de\/?page_id=6","title":{"rendered":"Anfahrt"},"content":{"rendered":"<h2>Mit dem Auto zu uns<\/h2>\n<p>Verkehrsg\u00fcnstig gelegen erreichen Sie uns von der Ausfahrt Frankenberg (A4)<\/p>\n<p><iframe loading=\"lazy\" style=\"border: 0;\" src=\"https:\/\/www.google.com\/maps\/embed?pb=!1m18!1m12!1m3!1d5029.755026251768!2d13.046253875811068!3d50.92598278482108!2m3!1f0!2f0!3f0!3m2!1i1024!2i768!4f13.1!3m3!1m2!1s0x47a7425eb93c837d%3A0x6a7f88d39d984671!2sPension+und+G%C3%A4stehaus!5e0!3m2!1sde!2sde!4v1459861059527\" width=\"100%\" height=\"400\" frameborder=\"0\" allowfullscreen=\"allowfullscreen\"><\/iframe><\/p>\n<p><b>Adresse:<br \/>\n<\/b> \u00c4u\u00dfere Hainichener Str. 2<br \/>\n09669 Frankenberg<\/p>\n","protected":false},"excerpt":{"rendered":"<p>Mit dem Auto zu uns Verkehrsg\u00fcnstig gelegen erreichen Sie uns von der Ausfahrt Frankenberg (A4) Adresse: \u00c4u\u00dfere Hainichener Str. 2 09669 Frankenberg<\/p>\n","protected":false},"author":1,"featured_media":0,"parent":0,"menu_order":0,"comment_status":"closed","ping_status":"closed","template":"","meta":[],"_links":{"self":[{"href":"http:\/\/xn--gstezimmer-frankenberg-04b.de\/index.php?rest_route=\/wp\/v2\/pages\/6"}],"collection":[{"href":"http:\/\/xn--gstezimmer-frankenberg-04b.de\/index.php?rest_route=\/wp\/v2\/pages"}],"about":[{"href":"http:\/\/xn--gstezimmer-frankenberg-04b.de\/index.php?rest_route=\/wp\/v2\/types\/page"}],"author":[{"embeddable":true,"href":"http:\/\/xn--gstezimmer-frankenberg-04b.de\/index.php?rest_route=\/wp\/v2\/users\/1"}],"replies":[{"embeddable":true,"href":"http:\/\/xn--gstezimmer-frankenberg-04b.de\/index.php?rest_route=%2Fwp%2Fv2%2Fcomments&post=6"}],"version-history":[{"count":3,"href":"http:\/\/xn--gstezimmer-frankenberg-04b.de\/index.php?rest_route=\/wp\/v2\/pages\/6\/revisions"}],"predecessor-version":[{"id":38,"href":"http:\/\/xn--gstezimmer-frankenberg-04b.de\/index.php?rest_route=\/wp\/v2\/pages\/6\/revisions\/38"}],"wp:attachment":[{"href":"http:\/\/xn--gstezimmer-frankenberg-04b.de\/index.php?rest_route=%2Fwp%2Fv2%2Fmedia&parent=6"}],"curies":[{"name":"wp","href":"https:\/\/api.w.org\/{rel}","templated":true}]}}